{"id":58,"date":"2017-08-15T18:14:25","date_gmt":"2017-08-15T18:14:25","guid":{"rendered":"http:\/\/con-fuoco.pl\/?page_id=58"},"modified":"2025-04-23T20:42:37","modified_gmt":"2025-04-23T20:42:37","slug":"ewa-jakowicz-tabecka","status":"publish","type":"page","link":"https:\/\/con-fuoco.pl\/?page_id=58","title":{"rendered":"Ewa Jakowicz-Tab\u0119cka"},"content":{"rendered":"\n<h5 class=\"wp-block-heading has-text-align-center\"><strong>nauczyciel skrzypiec<\/strong><\/h5>\n\n\n\n<hr class=\"wp-block-separator has-alpha-channel-opacity is-style-dots\"\/>\n\n\n\n<p>urodzi\u0142a si\u0119 w 1975 r. w Warszawie w rodzinie o bogatych tradycjach muzycznych. Nauk\u0119 gry na skrzypcach rozpocz\u0119\u0142a w wieku 7 lat w Pa\u0144stwowej Og\u00f3lnokszta\u0142c\u0105cej Szkole Muzycznej im. Karola Szymanowskiego. Nast\u0119pnie kszta\u0142ci\u0142a si\u0119 w Akademii Muzycznej im. Fryderyka Chopina w Warszawie (obecnie Uniwersytet Muzyczny) w klasie skrzypiec prof. Tadeusza Gadziny oraz prof. Julii Jakimowicz-Jakowicz. Ju\u017c w czasie studi\u00f3w rozpocz\u0119\u0142a wsp\u00f3\u0142prac\u0119 z Polsk\u0105 Orkiestr\u0105 Radiow\u0105, orkiestr\u0105 Camerata Academia oraz orkiestr\u0105 Sinfonia Varsovia. Mia\u0142a okazj\u0119 wyst\u0119powa\u0107 z tymi zespo\u0142ami w r\u00f3\u017cnych miastach Polski i za granic\u0105 (Niemcy, Francja, Belgia, Irlandia, Szwajcaria, Japonia), a tak\u017ce pracowa\u0107 z takimi artystami, jak: Jerzy Maksymiuk, M\u015bcis\u0142aw Rostropowicz, Krzysztof Penderecki, Jan Krenz, Agnieszka Duczmal, Martha Argerich i in. Jako cz\u0142onkini zespo\u0142\u00f3w kameralnych (trio fortepianowe, kwartet smyczkowy) i orkiestr bra\u0142a udzia\u0142 w wielu kursach i festiwalach muzycznych, m. in. w Szwecji, Szwajcarii, Japonii. Od 25 lat zajmuje si\u0119 dzia\u0142alno\u015bci\u0105 pedagogiczn\u0105 \u2013 pocz\u0105tkowo w Pa\u0144stwowej Og\u00f3lnokszta\u0142c\u0105cej Szkole Muzycznej im. Emila M\u0142ynarskiego w Warszawie, obecnie \u2013 od pocz\u0105tku jej istnienia \u2013 w Niepublicznej Szkole Muzycznej Con Fuoco. Prowadzi w niej klas\u0119 skrzypiec oraz zesp\u00f3\u0142 skrzypcowy.<\/p>\n\n\n\n<p>Uczestniczy\u0142a w r\u00f3\u017cnych formach doskonalenia zawodowego &#8211; <span style=\"font-size: revert;\">kursy, warsztaty, konferencje metodyczne i inne formy dokszta\u0142cania, m.in.:<\/span><\/p>\n\n\n\n<p>&#8211; warsztaty \u201eMusic Mind Games\u201d wg metody Michiko Yurko, luty 2025<\/p>\n\n\n\n<p>&#8211; szkolenie \u201eDostosowanie wymaga\u0144 edukacyjnych dla ucznia z opini\u0105\/orzeczeniem w szkole artystycznej\u201d organizowane przez Centrum Edukacji Artystycznej, luty 2024<\/p>\n\n\n\n<p>&#8211; Og\u00f3lnopolskie Konferencje \u201eAkademia Smyczkowa\u201d, organizowane przez Stowarzyszenie Polskich Muzyk\u00f3w Kameralist\u00f3w, maj i grudzie\u0144 2021<\/p>\n\n\n\n<p>&#8211; szkolenie \u201eTrening Umiej\u0119tno\u015bci Spo\u0142ecznych &#8211; 1.stopnia\u201d organizowane przez O\u015brodek Doskonalenia Nauczycieli Fundacji Innopolis, wrzesie\u0144 2021<\/p>\n\n\n\n<p>&#8211; szkolenia \u201eJak wesprze\u0107 m\u0142odych ludzi w budowaniu wewn\u0119trznej motywacji i poczucia w\u0142asnej warto\u015bci?\u201d oraz \u201eMi\u0119dzy poczuciem w\u0142asnej warto\u015bci adepresj\u0105 \u2013 jak by\u0107 m\u0105drym wsparciem dla dzieci i nastolatk\u00f3w\u201d<\/p>\n\n\n\n<p>organizowane przez Stowarzyszenie FILOMATA, listopad 2020<\/p>\n","protected":false},"excerpt":{"rendered":"<p>nauczyciel skrzypiec urodzi\u0142a si\u0119 w 1975 r. w Warszawie w rodzinie o bogatych tradycjach muzycznych. Nauk\u0119 gry na skrzypcach rozpocz\u0119\u0142a w wieku 7 lat w Pa\u0144stwowej Og\u00f3lnokszta\u0142c\u0105cej Szkole Muzycznej im.&hellip; <\/p>\n","protected":false},"author":1,"featured_media":0,"parent":27,"menu_order":6,"comment_status":"closed","ping_status":"closed","template":"","meta":{"footnotes":""},"class_list":["post-58","page","type-page","status-publish","hentry"],"yoast_head":"<!-- This site is optimized with the Yoast SEO plugin v24.9 - https:\/\/yoast.com\/wordpress\/plugins\/seo\/ -->\n<title>nauczyciel skrzypiec Ewa Jakowicz-Tab\u0119cka - Niepubliczna Szko\u0142a Muzyczna I st.<\/title>\n<meta name=\"description\" content=\"Nauczyciel skrzypiec, profesjonalna kadra, indywidualne podej\u015bcie do ucznia, Szko\u0142a Muzyczna Con Fuoco Warszawa\" \/>\n<meta name=\"robots\" content=\"index, follow, max-snippet:-1, max-image-preview:large, max-video-preview:-1\" \/>\n<link rel=\"canonical\" href=\"https:\/\/con-fuoco.pl\/?page_id=58\" \/>\n<meta property=\"og:locale\" content=\"pl_PL\" \/>\n<meta property=\"og:type\" content=\"article\" \/>\n<meta property=\"og:title\" content=\"nauczyciel skrzypiec Ewa Jakowicz-Tab\u0119cka - Niepubliczna Szko\u0142a Muzyczna I st.\" \/>\n<meta property=\"og:description\" content=\"Nauczyciel skrzypiec, profesjonalna kadra, indywidualne podej\u015bcie do ucznia, Szko\u0142a Muzyczna Con Fuoco Warszawa\" \/>\n<meta property=\"og:url\" content=\"https:\/\/con-fuoco.pl\/?page_id=58\" \/>\n<meta property=\"og:site_name\" content=\"Niepubliczna Szko\u0142a Muzyczna I st.\" \/>\n<meta property=\"article:modified_time\" content=\"2025-04-23T20:42:37+00:00\" \/>\n<meta name=\"twitter:card\" content=\"summary_large_image\" \/>\n<meta name=\"twitter:label1\" content=\"Szacowany czas czytania\" \/>\n\t<meta name=\"twitter:data1\" content=\"2 minuty\" \/>\n<script type=\"application\/ld+json\" class=\"yoast-schema-graph\">{\"@context\":\"https:\/\/schema.org\",\"@graph\":[{\"@type\":\"WebPage\",\"@id\":\"https:\/\/con-fuoco.pl\/?page_id=58\",\"url\":\"https:\/\/con-fuoco.pl\/?page_id=58\",\"name\":\"nauczyciel skrzypiec Ewa Jakowicz-Tab\u0119cka - Niepubliczna Szko\u0142a Muzyczna I st.\",\"isPartOf\":{\"@id\":\"https:\/\/con-fuoco.pl\/#website\"},\"datePublished\":\"2017-08-15T18:14:25+00:00\",\"dateModified\":\"2025-04-23T20:42:37+00:00\",\"description\":\"Nauczyciel skrzypiec, profesjonalna kadra, indywidualne podej\u015bcie do ucznia, Szko\u0142a Muzyczna Con Fuoco Warszawa\",\"breadcrumb\":{\"@id\":\"https:\/\/con-fuoco.pl\/?page_id=58#breadcrumb\"},\"inLanguage\":\"pl-PL\",\"potentialAction\":[{\"@type\":\"ReadAction\",\"target\":[\"https:\/\/con-fuoco.pl\/?page_id=58\"]}]},{\"@type\":\"BreadcrumbList\",\"@id\":\"https:\/\/con-fuoco.pl\/?page_id=58#breadcrumb\",\"itemListElement\":[{\"@type\":\"ListItem\",\"position\":1,\"name\":\"Strona g\u0142\u00f3wna\",\"item\":\"https:\/\/con-fuoco.pl\/\"},{\"@type\":\"ListItem\",\"position\":2,\"name\":\"Szko\u0142a\",\"item\":\"https:\/\/con-fuoco.pl\/?page_id=1199\"},{\"@type\":\"ListItem\",\"position\":3,\"name\":\"Kadra\",\"item\":\"https:\/\/con-fuoco.pl\/?page_id=27\"},{\"@type\":\"ListItem\",\"position\":4,\"name\":\"Ewa Jakowicz-Tab\u0119cka\"}]},{\"@type\":\"WebSite\",\"@id\":\"https:\/\/con-fuoco.pl\/#website\",\"url\":\"https:\/\/con-fuoco.pl\/\",\"name\":\"Niepubliczna Szko\u0142a Muzyczna I st.\",\"description\":\"CON FUOCO\",\"publisher\":{\"@id\":\"https:\/\/con-fuoco.pl\/#organization\"},\"potentialAction\":[{\"@type\":\"SearchAction\",\"target\":{\"@type\":\"EntryPoint\",\"urlTemplate\":\"https:\/\/con-fuoco.pl\/?s={search_term_string}\"},\"query-input\":{\"@type\":\"PropertyValueSpecification\",\"valueRequired\":true,\"valueName\":\"search_term_string\"}}],\"inLanguage\":\"pl-PL\"},{\"@type\":\"Organization\",\"@id\":\"https:\/\/con-fuoco.pl\/#organization\",\"name\":\"Niepubliczna Szko\u0142a Muzyczna I st.\",\"url\":\"https:\/\/con-fuoco.pl\/\",\"logo\":{\"@type\":\"ImageObject\",\"inLanguage\":\"pl-PL\",\"@id\":\"https:\/\/con-fuoco.pl\/#\/schema\/logo\/image\/\",\"url\":\"https:\/\/con-fuoco.pl\/wp-content\/uploads\/2017\/08\/copy-cropped-logo-1.jpg\",\"contentUrl\":\"https:\/\/con-fuoco.pl\/wp-content\/uploads\/2017\/08\/copy-cropped-logo-1.jpg\",\"width\":146,\"height\":206,\"caption\":\"Niepubliczna Szko\u0142a Muzyczna I st.\"},\"image\":{\"@id\":\"https:\/\/con-fuoco.pl\/#\/schema\/logo\/image\/\"}}]}<\/script>\n<!-- \/ Yoast SEO plugin. -->","yoast_head_json":{"title":"nauczyciel skrzypiec Ewa Jakowicz-Tab\u0119cka - Niepubliczna Szko\u0142a Muzyczna I st.","description":"Nauczyciel skrzypiec, profesjonalna kadra, indywidualne podej\u015bcie do ucznia, Szko\u0142a Muzyczna Con Fuoco Warszawa","robots":{"index":"index","follow":"follow","max-snippet":"max-snippet:-1","max-image-preview":"max-image-preview:large","max-video-preview":"max-video-preview:-1"},"canonical":"https:\/\/con-fuoco.pl\/?page_id=58","og_locale":"pl_PL","og_type":"article","og_title":"nauczyciel skrzypiec Ewa Jakowicz-Tab\u0119cka - Niepubliczna Szko\u0142a Muzyczna I st.","og_description":"Nauczyciel skrzypiec, profesjonalna kadra, indywidualne podej\u015bcie do ucznia, Szko\u0142a Muzyczna Con Fuoco Warszawa","og_url":"https:\/\/con-fuoco.pl\/?page_id=58","og_site_name":"Niepubliczna Szko\u0142a Muzyczna I st.","article_modified_time":"2025-04-23T20:42:37+00:00","twitter_card":"summary_large_image","twitter_misc":{"Szacowany czas czytania":"2 minuty"},"schema":{"@context":"https:\/\/schema.org","@graph":[{"@type":"WebPage","@id":"https:\/\/con-fuoco.pl\/?page_id=58","url":"https:\/\/con-fuoco.pl\/?page_id=58","name":"nauczyciel skrzypiec Ewa Jakowicz-Tab\u0119cka - Niepubliczna Szko\u0142a Muzyczna I st.","isPartOf":{"@id":"https:\/\/con-fuoco.pl\/#website"},"datePublished":"2017-08-15T18:14:25+00:00","dateModified":"2025-04-23T20:42:37+00:00","description":"Nauczyciel skrzypiec, profesjonalna kadra, indywidualne podej\u015bcie do ucznia, Szko\u0142a Muzyczna Con Fuoco Warszawa","breadcrumb":{"@id":"https:\/\/con-fuoco.pl\/?page_id=58#breadcrumb"},"inLanguage":"pl-PL","potentialAction":[{"@type":"ReadAction","target":["https:\/\/con-fuoco.pl\/?page_id=58"]}]},{"@type":"BreadcrumbList","@id":"https:\/\/con-fuoco.pl\/?page_id=58#breadcrumb","itemListElement":[{"@type":"ListItem","position":1,"name":"Strona g\u0142\u00f3wna","item":"https:\/\/con-fuoco.pl\/"},{"@type":"ListItem","position":2,"name":"Szko\u0142a","item":"https:\/\/con-fuoco.pl\/?page_id=1199"},{"@type":"ListItem","position":3,"name":"Kadra","item":"https:\/\/con-fuoco.pl\/?page_id=27"},{"@type":"ListItem","position":4,"name":"Ewa Jakowicz-Tab\u0119cka"}]},{"@type":"WebSite","@id":"https:\/\/con-fuoco.pl\/#website","url":"https:\/\/con-fuoco.pl\/","name":"Niepubliczna Szko\u0142a Muzyczna I st.","description":"CON FUOCO","publisher":{"@id":"https:\/\/con-fuoco.pl\/#organization"},"potentialAction":[{"@type":"SearchAction","target":{"@type":"EntryPoint","urlTemplate":"https:\/\/con-fuoco.pl\/?s={search_term_string}"},"query-input":{"@type":"PropertyValueSpecification","valueRequired":true,"valueName":"search_term_string"}}],"inLanguage":"pl-PL"},{"@type":"Organization","@id":"https:\/\/con-fuoco.pl\/#organization","name":"Niepubliczna Szko\u0142a Muzyczna I st.","url":"https:\/\/con-fuoco.pl\/","logo":{"@type":"ImageObject","inLanguage":"pl-PL","@id":"https:\/\/con-fuoco.pl\/#\/schema\/logo\/image\/","url":"https:\/\/con-fuoco.pl\/wp-content\/uploads\/2017\/08\/copy-cropped-logo-1.jpg","contentUrl":"https:\/\/con-fuoco.pl\/wp-content\/uploads\/2017\/08\/copy-cropped-logo-1.jpg","width":146,"height":206,"caption":"Niepubliczna Szko\u0142a Muzyczna I st."},"image":{"@id":"https:\/\/con-fuoco.pl\/#\/schema\/logo\/image\/"}}]}},"_links":{"self":[{"href":"https:\/\/con-fuoco.pl\/index.php?rest_route=\/wp\/v2\/pages\/58","targetHints":{"allow":["GET"]}}],"collection":[{"href":"https:\/\/con-fuoco.pl\/index.php?rest_route=\/wp\/v2\/pages"}],"about":[{"href":"https:\/\/con-fuoco.pl\/index.php?rest_route=\/wp\/v2\/types\/page"}],"author":[{"embeddable":true,"href":"https:\/\/con-fuoco.pl\/index.php?rest_route=\/wp\/v2\/users\/1"}],"replies":[{"embeddable":true,"href":"https:\/\/con-fuoco.pl\/index.php?rest_route=%2Fwp%2Fv2%2Fcomments&post=58"}],"version-history":[{"count":7,"href":"https:\/\/con-fuoco.pl\/index.php?rest_route=\/wp\/v2\/pages\/58\/revisions"}],"predecessor-version":[{"id":1379,"href":"https:\/\/con-fuoco.pl\/index.php?rest_route=\/wp\/v2\/pages\/58\/revisions\/1379"}],"up":[{"embeddable":true,"href":"https:\/\/con-fuoco.pl\/index.php?rest_route=\/wp\/v2\/pages\/27"}],"wp:attachment":[{"href":"https:\/\/con-fuoco.pl\/index.php?rest_route=%2Fwp%2Fv2%2Fmedia&parent=58"}],"curies":[{"name":"wp","href":"https:\/\/api.w.org\/{rel}","templated":true}]}}