{"id":639,"date":"2017-09-04T19:43:28","date_gmt":"2017-09-04T19:43:28","guid":{"rendered":"http:\/\/con-fuoco.pl\/?page_id=639"},"modified":"2025-04-25T08:51:33","modified_gmt":"2025-04-25T08:51:33","slug":"ewa-slapek","status":"publish","type":"page","link":"https:\/\/con-fuoco.pl\/?page_id=639","title":{"rendered":"Ewa S\u0142apek"},"content":{"rendered":"\n<h5 class=\"wp-block-heading has-text-align-center\"><strong>nauczyciel fortepianu<\/strong><\/h5>\n\n\n\n<hr class=\"wp-block-separator has-alpha-channel-opacity is-style-dots\"\/>\n\n\n\n<p>Absolwentka Akademii Muzycznej im. F. Chopina w Warszawie na wydziale Edukacji Muzycznej. Specjalizuje si\u0119 w muzyce fortepianowej, organowej oraz w kameralistyce oraz \u015bpiewie solowym.<br>Wsp\u00f3\u0142pracowa\u0142a z wieloma muzykami w kraju i za granic\u0105, zar\u00f3wno w Filharmonii w Warszawie, w Bia\u0142ymstoku oraz koncertowa\u0142a z ch\u00f3rami i zespo\u0142ami instrumentalnymi jako akompaniator na tourne we W\u0142oszech, w Szwajcarii, w Moldawii, na Litwie, w Rosji oraz w Izraelu.<br>Specjalizuje si\u0119 w muzyce barokowej, szczeg\u00f3lnie muzyce J.S. Bacha i F. Haendla oraz w muzyce romantycznej.<br><\/p>\n\n\n\n<p>Wsp\u00f3\u0142pracowa\u0142a przez wiele lat ze szko\u0142\u0105 muzyczn\u0105 I i II stopnia im.J.Elsnera oraz Z. Brzewskiego w Warszawie.<\/p>\n\n\n\n<p><\/p>\n\n\n\n<figure class=\"wp-block-embed is-type-video is-provider-youtube wp-block-embed-youtube wp-embed-aspect-16-9 wp-has-aspect-ratio\"><div class=\"wp-block-embed__wrapper\">\n<iframe loading=\"lazy\" title=\"Przemys\u0142aw Zar\u0119ba - PRELUDE NO. 4 (from the album &quot;First impressions&quot;)\" width=\"700\" height=\"394\" src=\"https:\/\/www.youtube.com\/embed\/HP1nFu7E8kM?feature=oembed\" frameborder=\"0\" allow=\"accelerometer; autoplay; clipboard-write; encrypted-media; gyroscope; picture-in-picture; web-share\" referrerpolicy=\"strict-origin-when-cross-origin\" allowfullscreen><\/iframe>\n<\/div><\/figure>\n","protected":false},"excerpt":{"rendered":"<p>nauczyciel fortepianu Absolwentka Akademii Muzycznej im. F. Chopina w Warszawie na wydziale Edukacji Muzycznej. Specjalizuje si\u0119 w muzyce fortepianowej, organowej oraz w kameralistyce oraz \u015bpiewie solowym.Wsp\u00f3\u0142pracowa\u0142a z wieloma muzykami w&hellip; <\/p>\n","protected":false},"author":2,"featured_media":0,"parent":27,"menu_order":18,"comment_status":"closed","ping_status":"closed","template":"","meta":{"footnotes":""},"class_list":["post-639","page","type-page","status-publish","hentry"],"yoast_head":"<!-- This site is optimized with the Yoast SEO plugin v24.9 - https:\/\/yoast.com\/wordpress\/plugins\/seo\/ -->\n<title>Ewa S\u0142apek - Niepubliczna Szko\u0142a Muzyczna I st.<\/title>\n<meta name=\"robots\" content=\"index, follow, max-snippet:-1, max-image-preview:large, max-video-preview:-1\" \/>\n<link rel=\"canonical\" href=\"https:\/\/con-fuoco.pl\/?page_id=639\" \/>\n<meta property=\"og:locale\" content=\"pl_PL\" \/>\n<meta property=\"og:type\" content=\"article\" \/>\n<meta property=\"og:title\" content=\"Ewa S\u0142apek - Niepubliczna Szko\u0142a Muzyczna I st.\" \/>\n<meta property=\"og:description\" content=\"nauczyciel fortepianu Absolwentka Akademii Muzycznej im. F. Chopina w Warszawie na wydziale Edukacji Muzycznej. Specjalizuje si\u0119 w muzyce fortepianowej, organowej oraz w kameralistyce oraz \u015bpiewie solowym.Wsp\u00f3\u0142pracowa\u0142a z wieloma muzykami w&hellip;\" \/>\n<meta property=\"og:url\" content=\"https:\/\/con-fuoco.pl\/?page_id=639\" \/>\n<meta property=\"og:site_name\" content=\"Niepubliczna Szko\u0142a Muzyczna I st.\" \/>\n<meta property=\"article:modified_time\" content=\"2025-04-25T08:51:33+00:00\" \/>\n<meta name=\"twitter:card\" content=\"summary_large_image\" \/>\n<meta name=\"twitter:label1\" content=\"Szacowany czas czytania\" \/>\n\t<meta name=\"twitter:data1\" content=\"1 minuta\" \/>\n<script type=\"application\/ld+json\" class=\"yoast-schema-graph\">{\"@context\":\"https:\/\/schema.org\",\"@graph\":[{\"@type\":\"WebPage\",\"@id\":\"https:\/\/con-fuoco.pl\/?page_id=639\",\"url\":\"https:\/\/con-fuoco.pl\/?page_id=639\",\"name\":\"Ewa S\u0142apek - Niepubliczna Szko\u0142a Muzyczna I st.\",\"isPartOf\":{\"@id\":\"https:\/\/con-fuoco.pl\/#website\"},\"datePublished\":\"2017-09-04T19:43:28+00:00\",\"dateModified\":\"2025-04-25T08:51:33+00:00\",\"breadcrumb\":{\"@id\":\"https:\/\/con-fuoco.pl\/?page_id=639#breadcrumb\"},\"inLanguage\":\"pl-PL\",\"potentialAction\":[{\"@type\":\"ReadAction\",\"target\":[\"https:\/\/con-fuoco.pl\/?page_id=639\"]}]},{\"@type\":\"BreadcrumbList\",\"@id\":\"https:\/\/con-fuoco.pl\/?page_id=639#breadcrumb\",\"itemListElement\":[{\"@type\":\"ListItem\",\"position\":1,\"name\":\"Strona g\u0142\u00f3wna\",\"item\":\"https:\/\/con-fuoco.pl\/\"},{\"@type\":\"ListItem\",\"position\":2,\"name\":\"Szko\u0142a\",\"item\":\"https:\/\/con-fuoco.pl\/?page_id=1199\"},{\"@type\":\"ListItem\",\"position\":3,\"name\":\"Kadra\",\"item\":\"https:\/\/con-fuoco.pl\/?page_id=27\"},{\"@type\":\"ListItem\",\"position\":4,\"name\":\"Ewa S\u0142apek\"}]},{\"@type\":\"WebSite\",\"@id\":\"https:\/\/con-fuoco.pl\/#website\",\"url\":\"https:\/\/con-fuoco.pl\/\",\"name\":\"Niepubliczna Szko\u0142a Muzyczna I st.\",\"description\":\"CON FUOCO\",\"publisher\":{\"@id\":\"https:\/\/con-fuoco.pl\/#organization\"},\"potentialAction\":[{\"@type\":\"SearchAction\",\"target\":{\"@type\":\"EntryPoint\",\"urlTemplate\":\"https:\/\/con-fuoco.pl\/?s={search_term_string}\"},\"query-input\":{\"@type\":\"PropertyValueSpecification\",\"valueRequired\":true,\"valueName\":\"search_term_string\"}}],\"inLanguage\":\"pl-PL\"},{\"@type\":\"Organization\",\"@id\":\"https:\/\/con-fuoco.pl\/#organization\",\"name\":\"Niepubliczna Szko\u0142a Muzyczna I st.\",\"url\":\"https:\/\/con-fuoco.pl\/\",\"logo\":{\"@type\":\"ImageObject\",\"inLanguage\":\"pl-PL\",\"@id\":\"https:\/\/con-fuoco.pl\/#\/schema\/logo\/image\/\",\"url\":\"https:\/\/con-fuoco.pl\/wp-content\/uploads\/2017\/08\/copy-cropped-logo-1.jpg\",\"contentUrl\":\"https:\/\/con-fuoco.pl\/wp-content\/uploads\/2017\/08\/copy-cropped-logo-1.jpg\",\"width\":146,\"height\":206,\"caption\":\"Niepubliczna Szko\u0142a Muzyczna I st.\"},\"image\":{\"@id\":\"https:\/\/con-fuoco.pl\/#\/schema\/logo\/image\/\"}}]}<\/script>\n<!-- \/ Yoast SEO plugin. -->","yoast_head_json":{"title":"Ewa S\u0142apek - Niepubliczna Szko\u0142a Muzyczna I st.","robots":{"index":"index","follow":"follow","max-snippet":"max-snippet:-1","max-image-preview":"max-image-preview:large","max-video-preview":"max-video-preview:-1"},"canonical":"https:\/\/con-fuoco.pl\/?page_id=639","og_locale":"pl_PL","og_type":"article","og_title":"Ewa S\u0142apek - Niepubliczna Szko\u0142a Muzyczna I st.","og_description":"nauczyciel fortepianu Absolwentka Akademii Muzycznej im. F. Chopina w Warszawie na wydziale Edukacji Muzycznej. Specjalizuje si\u0119 w muzyce fortepianowej, organowej oraz w kameralistyce oraz \u015bpiewie solowym.Wsp\u00f3\u0142pracowa\u0142a z wieloma muzykami w&hellip;","og_url":"https:\/\/con-fuoco.pl\/?page_id=639","og_site_name":"Niepubliczna Szko\u0142a Muzyczna I st.","article_modified_time":"2025-04-25T08:51:33+00:00","twitter_card":"summary_large_image","twitter_misc":{"Szacowany czas czytania":"1 minuta"},"schema":{"@context":"https:\/\/schema.org","@graph":[{"@type":"WebPage","@id":"https:\/\/con-fuoco.pl\/?page_id=639","url":"https:\/\/con-fuoco.pl\/?page_id=639","name":"Ewa S\u0142apek - Niepubliczna Szko\u0142a Muzyczna I st.","isPartOf":{"@id":"https:\/\/con-fuoco.pl\/#website"},"datePublished":"2017-09-04T19:43:28+00:00","dateModified":"2025-04-25T08:51:33+00:00","breadcrumb":{"@id":"https:\/\/con-fuoco.pl\/?page_id=639#breadcrumb"},"inLanguage":"pl-PL","potentialAction":[{"@type":"ReadAction","target":["https:\/\/con-fuoco.pl\/?page_id=639"]}]},{"@type":"BreadcrumbList","@id":"https:\/\/con-fuoco.pl\/?page_id=639#breadcrumb","itemListElement":[{"@type":"ListItem","position":1,"name":"Strona g\u0142\u00f3wna","item":"https:\/\/con-fuoco.pl\/"},{"@type":"ListItem","position":2,"name":"Szko\u0142a","item":"https:\/\/con-fuoco.pl\/?page_id=1199"},{"@type":"ListItem","position":3,"name":"Kadra","item":"https:\/\/con-fuoco.pl\/?page_id=27"},{"@type":"ListItem","position":4,"name":"Ewa S\u0142apek"}]},{"@type":"WebSite","@id":"https:\/\/con-fuoco.pl\/#website","url":"https:\/\/con-fuoco.pl\/","name":"Niepubliczna Szko\u0142a Muzyczna I st.","description":"CON FUOCO","publisher":{"@id":"https:\/\/con-fuoco.pl\/#organization"},"potentialAction":[{"@type":"SearchAction","target":{"@type":"EntryPoint","urlTemplate":"https:\/\/con-fuoco.pl\/?s={search_term_string}"},"query-input":{"@type":"PropertyValueSpecification","valueRequired":true,"valueName":"search_term_string"}}],"inLanguage":"pl-PL"},{"@type":"Organization","@id":"https:\/\/con-fuoco.pl\/#organization","name":"Niepubliczna Szko\u0142a Muzyczna I st.","url":"https:\/\/con-fuoco.pl\/","logo":{"@type":"ImageObject","inLanguage":"pl-PL","@id":"https:\/\/con-fuoco.pl\/#\/schema\/logo\/image\/","url":"https:\/\/con-fuoco.pl\/wp-content\/uploads\/2017\/08\/copy-cropped-logo-1.jpg","contentUrl":"https:\/\/con-fuoco.pl\/wp-content\/uploads\/2017\/08\/copy-cropped-logo-1.jpg","width":146,"height":206,"caption":"Niepubliczna Szko\u0142a Muzyczna I st."},"image":{"@id":"https:\/\/con-fuoco.pl\/#\/schema\/logo\/image\/"}}]}},"_links":{"self":[{"href":"https:\/\/con-fuoco.pl\/index.php?rest_route=\/wp\/v2\/pages\/639","targetHints":{"allow":["GET"]}}],"collection":[{"href":"https:\/\/con-fuoco.pl\/index.php?rest_route=\/wp\/v2\/pages"}],"about":[{"href":"https:\/\/con-fuoco.pl\/index.php?rest_route=\/wp\/v2\/types\/page"}],"author":[{"embeddable":true,"href":"https:\/\/con-fuoco.pl\/index.php?rest_route=\/wp\/v2\/users\/2"}],"replies":[{"embeddable":true,"href":"https:\/\/con-fuoco.pl\/index.php?rest_route=%2Fwp%2Fv2%2Fcomments&post=639"}],"version-history":[{"count":12,"href":"https:\/\/con-fuoco.pl\/index.php?rest_route=\/wp\/v2\/pages\/639\/revisions"}],"predecessor-version":[{"id":1391,"href":"https:\/\/con-fuoco.pl\/index.php?rest_route=\/wp\/v2\/pages\/639\/revisions\/1391"}],"up":[{"embeddable":true,"href":"https:\/\/con-fuoco.pl\/index.php?rest_route=\/wp\/v2\/pages\/27"}],"wp:attachment":[{"href":"https:\/\/con-fuoco.pl\/index.php?rest_route=%2Fwp%2Fv2%2Fmedia&parent=639"}],"curies":[{"name":"wp","href":"https:\/\/api.w.org\/{rel}","templated":true}]}}