{"id":66,"date":"2017-08-15T18:21:56","date_gmt":"2017-08-15T18:21:56","guid":{"rendered":"http:\/\/con-fuoco.pl\/?page_id=66"},"modified":"2025-09-09T20:40:41","modified_gmt":"2025-09-09T20:40:41","slug":"plan-zajec","status":"publish","type":"page","link":"https:\/\/con-fuoco.pl\/?page_id=66","title":{"rendered":"Plan zaj\u0119\u0107"},"content":{"rendered":"\n<h3 class=\"wp-block-heading\"><strong>Rok szkolny 2025\/2026<\/strong><\/h3>\n\n\n\n<h3 class=\"wp-block-heading\"><strong>Plan zaj\u0119\u0107 grupowych<\/strong><\/h3>\n\n\n\n<figure class=\"wp-block-table\"><table class=\"has-fixed-layout\"><tbody><tr><td>I stopie\u0144<\/td><td>II stopie\u0144<\/td><\/tr><tr><td><strong><em>poniedza\u0142ek<\/em><\/strong><\/td><td><\/td><\/tr><tr><td><strong>Rytmika z p. Alicj\u0105 <\/strong><br><em>ul. Poraj\u00f3w 3, s. 110<\/em><br>16.45 &#8211; 17.45 kl. I dzieci\u0119ca<br>17.45 &#8211; 18.45 kl. II dzieci\u0119ca<br>18.45 &#8211; 19.45 kl. III dzieci\u0119ca<\/td><td><\/td><\/tr><tr><td><strong><em>wtorek<\/em><\/strong><\/td><td><strong><em>wtorek<\/em><\/strong><\/td><\/tr><tr><td><strong>Teoria z p. Magd\u0105&nbsp;<\/strong><br><em>ul. My\u015bliborska 100 (plebania)<\/em><br>16.00 &#8211; 17.30 kl. VI i IV m\u0142.<br>17.30 &#8211; 18.15 CH\u00d3R<br>18.15 &#8211; 19.45 kl. IV<br><br><br><\/td><td><strong>Teoria z p. Paulin\u0105 <\/strong><br><em>ul. Poraj\u00f3w 3, s. 105&nbsp;<\/em><br>16.00 &#8211; 18.00 kl. II z II st. KS i Zasady muzyki<br><br><br><br><br><\/td><\/tr><tr><td><em><strong>czwartek<\/strong><\/em><\/td><td><em><strong>czwartek<\/strong><\/em><\/td><\/tr><tr><td><br><\/td><td><strong>Teoria z p. Paulin\u0105<\/strong><br><em>ul. Poraj\u00f3w3, s. 105<\/em><br>16.30-18.00 kl. IV z II st.<br>18.00 &#8211; 19.30 kl. II z II st.<br><\/td><\/tr><\/tbody><\/table><\/figure>\n\n\n\n<hr class=\"wp-block-separator has-alpha-channel-opacity\"\/>\n\n\n\n<h3 class=\"wp-block-heading\"><strong>Zaj\u0119cia indywidualne:<\/strong><\/h3>\n\n\n\n<figure class=\"wp-block-table\"><table><tbody><tr><td><strong>fortepian<\/strong><\/td><td>Joanna Gidaszewska-Pielach<\/td><td class=\"has-text-align-left\" data-align=\"left\"><strong>pon.<\/strong> ul. My\u015bliborska 100<br><strong>czw.<\/strong> ul. My\u015bliborska 104 <\/td><\/tr><tr><td><strong>fortepian<\/strong><\/td><td>Zofia Nowicka-Chojknowska<\/td><td class=\"has-text-align-left\" data-align=\"left\"><strong>wt. <\/strong>ul. My\u015bliborska 104 <br>czw. ul. Poraj\u00f3w 3<\/td><\/tr><tr><td><strong>fortepian<\/strong><\/td><td><strong> <\/strong>Anna Woro\u017chko<\/td><td class=\"has-text-align-left\" data-align=\"left\"><strong>wt. <\/strong>ul. My\u015bliborska 104 <br><strong>czw. <\/strong>ul. My\u015bliborska 100<\/td><\/tr><tr><td><strong>fortepian<\/strong><\/td><td>Marta Motyl<\/td><td class=\"has-text-align-left\" data-align=\"left\"><strong>pon. wt i czw.<\/strong> ul.\u00a0My\u015bliborska 104 <br><\/td><\/tr><tr><td><strong>fortepian<\/strong><\/td><td>Ewa S\u0142apek<\/td><td class=\"has-text-align-left\" data-align=\"left\"><strong>pon. <\/strong> ul. My\u015bliborska 104<br><strong>\u015br.<\/strong> ul. My\u015bliborska 100<\/td><\/tr><tr><td><strong>gitara<\/strong><\/td><td>Magdalena Bia\u0142a-Go\u0142\u0119dowska<\/td><td class=\"has-text-align-left\" data-align=\"left\">pon. i <strong>czw.&nbsp;<\/strong>ul. My\u015bliborska 104<\/td><\/tr><tr><td><strong>flet<\/strong><\/td><td>Olga Bogdan<\/td><td class=\"has-text-align-left\" data-align=\"left\"><strong>\u015br. i pt.<\/strong> ul. My\u015bliborska 104<\/td><\/tr><tr><td><strong>fortepian i wokal<\/strong><\/td><td>Ewa S\u0142apek<\/td><td class=\"has-text-align-left\" data-align=\"left\"><strong>pon. <\/strong>ul. My\u015bliborska 104<br><strong>\u015br. <\/strong>ul. My\u015bliborska 100<\/td><\/tr><tr><td><strong>skrzypce<\/strong><\/td><td>Ewa Jakowicz-Tab\u0119cka<\/td><td class=\"has-text-align-left\" data-align=\"left\"><strong>pon, wt i czw. <\/strong><br>ul. My\u015bliborska 104<\/td><\/tr><\/tbody><\/table><\/figure>\n\n\n\n<p><\/p>\n\n\n\n<hr class=\"wp-block-separator has-alpha-channel-opacity\"\/>\n\n\n\n<h3 class=\"wp-block-heading\"><strong>Ramowy rozk\u0142ad zaj\u0119\u0107<\/strong><\/h3>\n\n\n\n<figure class=\"wp-block-table alignleft is-style-regular\"><table><tbody><tr><td class=\"has-text-align-left\" data-align=\"left\">kl. I <\/td><td class=\"has-text-align-left\" data-align=\"left\">kszta\u0142cenie s\u0142uchu i podstawy rytmiki, instrument 2&#215;30<\/td><\/tr><tr><td class=\"has-text-align-left\" data-align=\"left\">kl. II- III <\/td><td class=\"has-text-align-left\" data-align=\"left\">kszta\u0142cenie s\u0142uchu i podstawy rytmiki, ch\u00f3r, instrument 2&#215;30<\/td><\/tr><tr><td class=\"has-text-align-left\" data-align=\"left\">kl. IV <\/td><td class=\"has-text-align-left\" data-align=\"left\">kszta\u0142cenie s\u0142uchu z zasadami muzyki i wiedza o muzyce, ch\u00f3r, instrument 2&#215;45<\/td><\/tr><tr><td class=\"has-text-align-left\" data-align=\"left\">kl. V <\/td><td class=\"has-text-align-left\" data-align=\"left\">kszta\u0142cenie s\u0142uchu z zasadami muzyki i wiedza o muzyce, ch\u00f3r, instrument 2&#215;45, instrument dodatkowy\/ akompaniament z elementami improwizacji 1&#215;30<\/td><\/tr><tr><td class=\"has-text-align-left\" data-align=\"left\">kl. VI <\/td><td class=\"has-text-align-left\" data-align=\"left\">kszta\u0142cenie s\u0142uchu z zasadami muzyki i wiedza o muzyce, ch\u00f3r, instrument 2&#215;45, instrument dodatkowy\/ akompaniament z elementami improwizacji 1&#215;30<\/td><\/tr><tr><td class=\"has-text-align-left\" data-align=\"left\">kl. I (Dzia\u0142 m\u0142odzie\u017cowy) <\/td><td class=\"has-text-align-left\" data-align=\"left\">kszta\u0142cenie s\u0142uchu z zasadami muzyki, wiedza o muzyce, instrument 2&#215;45<\/td><\/tr><tr><td class=\"has-text-align-left\" data-align=\"left\">kl. II (Dzia\u0142 m\u0142odzie\u017cowy) <\/td><td class=\"has-text-align-left\" data-align=\"left\">kszta\u0142cenie s\u0142uchu i wiedza o muzyce, ch\u00f3r, instrument 2&#215;45<\/td><\/tr><tr><td class=\"has-text-align-left\" data-align=\"left\">kl. III&nbsp;i IV&nbsp;(Dzia\u0142 m\u0142odzie\u017cowy)&nbsp;<\/td><td class=\"has-text-align-left\" data-align=\"left\">kszta\u0142cenie s\u0142uchu z zasadami muzyki, wiedza o muzyce, ch\u00f3r, instrument 2&#215;45,&nbsp;instrument dodatkowy\/ akompaniament z elementami improwizacji 1&#215;30<\/td><\/tr><\/tbody><\/table><\/figure>\n\n\n\n<p><\/p>\n","protected":false},"excerpt":{"rendered":"<p>Rok szkolny 2025\/2026 Plan zaj\u0119\u0107 grupowych I stopie\u0144 II stopie\u0144 poniedza\u0142ek Rytmika z p. Alicj\u0105 ul. Poraj\u00f3w 3, s. 11016.45 &#8211; 17.45 kl. I dzieci\u0119ca17.45 &#8211; 18.45 kl. II dzieci\u0119ca18.45&hellip; <\/p>\n","protected":false},"author":1,"featured_media":0,"parent":0,"menu_order":20,"comment_status":"closed","ping_status":"closed","template":"","meta":{"footnotes":""},"class_list":["post-66","page","type-page","status-publish","hentry"],"yoast_head":"<!-- This site is optimized with the Yoast SEO plugin v24.9 - https:\/\/yoast.com\/wordpress\/plugins\/seo\/ -->\n<title>Plan zaj\u0119\u0107 - Niepubliczna Szko\u0142a Muzyczna I st.<\/title>\n<meta name=\"robots\" content=\"index, follow, max-snippet:-1, max-image-preview:large, max-video-preview:-1\" \/>\n<link rel=\"canonical\" href=\"https:\/\/con-fuoco.pl\/?page_id=66\" \/>\n<meta property=\"og:locale\" content=\"pl_PL\" \/>\n<meta property=\"og:type\" content=\"article\" \/>\n<meta property=\"og:title\" content=\"Plan zaj\u0119\u0107 - Niepubliczna Szko\u0142a Muzyczna I st.\" \/>\n<meta property=\"og:description\" content=\"Rok szkolny 2025\/2026 Plan zaj\u0119\u0107 grupowych I stopie\u0144 II stopie\u0144 poniedza\u0142ek Rytmika z p. Alicj\u0105 ul. Poraj\u00f3w 3, s. 11016.45 &#8211; 17.45 kl. I dzieci\u0119ca17.45 &#8211; 18.45 kl. II dzieci\u0119ca18.45&hellip;\" \/>\n<meta property=\"og:url\" content=\"https:\/\/con-fuoco.pl\/?page_id=66\" \/>\n<meta property=\"og:site_name\" content=\"Niepubliczna Szko\u0142a Muzyczna I st.\" \/>\n<meta property=\"article:modified_time\" content=\"2025-09-09T20:40:41+00:00\" \/>\n<meta name=\"twitter:card\" content=\"summary_large_image\" \/>\n<meta name=\"twitter:label1\" content=\"Szacowany czas czytania\" \/>\n\t<meta name=\"twitter:data1\" content=\"2 minuty\" \/>\n<script type=\"application\/ld+json\" class=\"yoast-schema-graph\">{\"@context\":\"https:\/\/schema.org\",\"@graph\":[{\"@type\":\"WebPage\",\"@id\":\"https:\/\/con-fuoco.pl\/?page_id=66\",\"url\":\"https:\/\/con-fuoco.pl\/?page_id=66\",\"name\":\"Plan zaj\u0119\u0107 - Niepubliczna Szko\u0142a Muzyczna I st.\",\"isPartOf\":{\"@id\":\"https:\/\/con-fuoco.pl\/#website\"},\"datePublished\":\"2017-08-15T18:21:56+00:00\",\"dateModified\":\"2025-09-09T20:40:41+00:00\",\"breadcrumb\":{\"@id\":\"https:\/\/con-fuoco.pl\/?page_id=66#breadcrumb\"},\"inLanguage\":\"pl-PL\",\"potentialAction\":[{\"@type\":\"ReadAction\",\"target\":[\"https:\/\/con-fuoco.pl\/?page_id=66\"]}]},{\"@type\":\"BreadcrumbList\",\"@id\":\"https:\/\/con-fuoco.pl\/?page_id=66#breadcrumb\",\"itemListElement\":[{\"@type\":\"ListItem\",\"position\":1,\"name\":\"Strona g\u0142\u00f3wna\",\"item\":\"https:\/\/con-fuoco.pl\/\"},{\"@type\":\"ListItem\",\"position\":2,\"name\":\"Plan zaj\u0119\u0107\"}]},{\"@type\":\"WebSite\",\"@id\":\"https:\/\/con-fuoco.pl\/#website\",\"url\":\"https:\/\/con-fuoco.pl\/\",\"name\":\"Niepubliczna Szko\u0142a Muzyczna I st.\",\"description\":\"CON FUOCO\",\"publisher\":{\"@id\":\"https:\/\/con-fuoco.pl\/#organization\"},\"potentialAction\":[{\"@type\":\"SearchAction\",\"target\":{\"@type\":\"EntryPoint\",\"urlTemplate\":\"https:\/\/con-fuoco.pl\/?s={search_term_string}\"},\"query-input\":{\"@type\":\"PropertyValueSpecification\",\"valueRequired\":true,\"valueName\":\"search_term_string\"}}],\"inLanguage\":\"pl-PL\"},{\"@type\":\"Organization\",\"@id\":\"https:\/\/con-fuoco.pl\/#organization\",\"name\":\"Niepubliczna Szko\u0142a Muzyczna I st.\",\"url\":\"https:\/\/con-fuoco.pl\/\",\"logo\":{\"@type\":\"ImageObject\",\"inLanguage\":\"pl-PL\",\"@id\":\"https:\/\/con-fuoco.pl\/#\/schema\/logo\/image\/\",\"url\":\"https:\/\/con-fuoco.pl\/wp-content\/uploads\/2017\/08\/copy-cropped-logo-1.jpg\",\"contentUrl\":\"https:\/\/con-fuoco.pl\/wp-content\/uploads\/2017\/08\/copy-cropped-logo-1.jpg\",\"width\":146,\"height\":206,\"caption\":\"Niepubliczna Szko\u0142a Muzyczna I st.\"},\"image\":{\"@id\":\"https:\/\/con-fuoco.pl\/#\/schema\/logo\/image\/\"}}]}<\/script>\n<!-- \/ Yoast SEO plugin. -->","yoast_head_json":{"title":"Plan zaj\u0119\u0107 - Niepubliczna Szko\u0142a Muzyczna I st.","robots":{"index":"index","follow":"follow","max-snippet":"max-snippet:-1","max-image-preview":"max-image-preview:large","max-video-preview":"max-video-preview:-1"},"canonical":"https:\/\/con-fuoco.pl\/?page_id=66","og_locale":"pl_PL","og_type":"article","og_title":"Plan zaj\u0119\u0107 - Niepubliczna Szko\u0142a Muzyczna I st.","og_description":"Rok szkolny 2025\/2026 Plan zaj\u0119\u0107 grupowych I stopie\u0144 II stopie\u0144 poniedza\u0142ek Rytmika z p. Alicj\u0105 ul. Poraj\u00f3w 3, s. 11016.45 &#8211; 17.45 kl. I dzieci\u0119ca17.45 &#8211; 18.45 kl. II dzieci\u0119ca18.45&hellip;","og_url":"https:\/\/con-fuoco.pl\/?page_id=66","og_site_name":"Niepubliczna Szko\u0142a Muzyczna I st.","article_modified_time":"2025-09-09T20:40:41+00:00","twitter_card":"summary_large_image","twitter_misc":{"Szacowany czas czytania":"2 minuty"},"schema":{"@context":"https:\/\/schema.org","@graph":[{"@type":"WebPage","@id":"https:\/\/con-fuoco.pl\/?page_id=66","url":"https:\/\/con-fuoco.pl\/?page_id=66","name":"Plan zaj\u0119\u0107 - Niepubliczna Szko\u0142a Muzyczna I st.","isPartOf":{"@id":"https:\/\/con-fuoco.pl\/#website"},"datePublished":"2017-08-15T18:21:56+00:00","dateModified":"2025-09-09T20:40:41+00:00","breadcrumb":{"@id":"https:\/\/con-fuoco.pl\/?page_id=66#breadcrumb"},"inLanguage":"pl-PL","potentialAction":[{"@type":"ReadAction","target":["https:\/\/con-fuoco.pl\/?page_id=66"]}]},{"@type":"BreadcrumbList","@id":"https:\/\/con-fuoco.pl\/?page_id=66#breadcrumb","itemListElement":[{"@type":"ListItem","position":1,"name":"Strona g\u0142\u00f3wna","item":"https:\/\/con-fuoco.pl\/"},{"@type":"ListItem","position":2,"name":"Plan zaj\u0119\u0107"}]},{"@type":"WebSite","@id":"https:\/\/con-fuoco.pl\/#website","url":"https:\/\/con-fuoco.pl\/","name":"Niepubliczna Szko\u0142a Muzyczna I st.","description":"CON FUOCO","publisher":{"@id":"https:\/\/con-fuoco.pl\/#organization"},"potentialAction":[{"@type":"SearchAction","target":{"@type":"EntryPoint","urlTemplate":"https:\/\/con-fuoco.pl\/?s={search_term_string}"},"query-input":{"@type":"PropertyValueSpecification","valueRequired":true,"valueName":"search_term_string"}}],"inLanguage":"pl-PL"},{"@type":"Organization","@id":"https:\/\/con-fuoco.pl\/#organization","name":"Niepubliczna Szko\u0142a Muzyczna I st.","url":"https:\/\/con-fuoco.pl\/","logo":{"@type":"ImageObject","inLanguage":"pl-PL","@id":"https:\/\/con-fuoco.pl\/#\/schema\/logo\/image\/","url":"https:\/\/con-fuoco.pl\/wp-content\/uploads\/2017\/08\/copy-cropped-logo-1.jpg","contentUrl":"https:\/\/con-fuoco.pl\/wp-content\/uploads\/2017\/08\/copy-cropped-logo-1.jpg","width":146,"height":206,"caption":"Niepubliczna Szko\u0142a Muzyczna I st."},"image":{"@id":"https:\/\/con-fuoco.pl\/#\/schema\/logo\/image\/"}}]}},"_links":{"self":[{"href":"https:\/\/con-fuoco.pl\/index.php?rest_route=\/wp\/v2\/pages\/66","targetHints":{"allow":["GET"]}}],"collection":[{"href":"https:\/\/con-fuoco.pl\/index.php?rest_route=\/wp\/v2\/pages"}],"about":[{"href":"https:\/\/con-fuoco.pl\/index.php?rest_route=\/wp\/v2\/types\/page"}],"author":[{"embeddable":true,"href":"https:\/\/con-fuoco.pl\/index.php?rest_route=\/wp\/v2\/users\/1"}],"replies":[{"embeddable":true,"href":"https:\/\/con-fuoco.pl\/index.php?rest_route=%2Fwp%2Fv2%2Fcomments&post=66"}],"version-history":[{"count":85,"href":"https:\/\/con-fuoco.pl\/index.php?rest_route=\/wp\/v2\/pages\/66\/revisions"}],"predecessor-version":[{"id":1856,"href":"https:\/\/con-fuoco.pl\/index.php?rest_route=\/wp\/v2\/pages\/66\/revisions\/1856"}],"wp:attachment":[{"href":"https:\/\/con-fuoco.pl\/index.php?rest_route=%2Fwp%2Fv2%2Fmedia&parent=66"}],"curies":[{"name":"wp","href":"https:\/\/api.w.org\/{rel}","templated":true}]}}